n 17 is divided by v?
7
Let v = -319 - -444. Suppose 13*w - v = 135. Calculate the remainder when 45 is divided by w.
5
Suppose b - 11 = 4*v + 32, 4*b = -3*v + 134. Let h(r) = -b - 28*r + 2*r**2 + r**2 + 4*r**2 - 8*r**2. Calculate the remainder when h(-21) is divided by 23.
20
Let f(w) = -w**2 + 18*w - 14. Let c = -3 + -18. Let o = c + 28. Calculate the remainder when f(o) is divided by 16.
15
Let a(w) = -331*w - 15. Let y be a(3). Let l be ((-4)/(-6))/((-28)/y). Suppose -2*p = -58 - l. Calculate the remainder when 77 is divided by p.
36
Suppose -3*g + 0*r + 2*r = -3784, g - 1256 = 2*r. What is the remainder when 5071 is divided by g?
15
Suppose 318 + 138 = 18*o - 336. Calculate the remainder when 873 is divided by o.
37
Let q = 978 - 412. Let c = q + -549. Calculate the remainder when 78 is divided by c.
10
Suppose -3*r + 2*r + 16 = 0. Suppose 0 = -12*p + 679 + 2021. Suppose p = 2*a + 3*y, 338 = -34*a + 37*a + 5*y. What is the remainder when a is divided by r?
15
Suppose -21*n - 1550 = -31*n. Let l = n + -69. Calculate the remainder when 600 is divided by l.
84
Let z = -12 - -7. Let q(f) be the third derivative of f**4/12 + 4*f**3 - 10*f**2 + 32*f. Calculate the remainder when 95 is divided by q(z).
11
Suppose -54*t = -59*t + 70. Suppose 9*w = -4*g + t*w + 153, -15 = 3*w. What is the remainder when 90 is divided by g?
26
Let f = 23904 + -23815. Calculate the remainder when -1 + (886*-1)/(-2) is divided by f.
86
Let t(x) = 9*x - 33. Let i be t(4). Suppose -i*n = a - 67 - 168, -5*n = -a + 275. What is the remainder when a is divided by 42?
40
Let y(m) = 4*m**2 - m - 2. Let z = 12 + -10. Suppose 0*i - 2*r = i - 23, -i = 3*r - 18. What is the remainder when i is divided by y(z)?
9
Suppose 4*q + 4*v = q - 8, 2*q + 5*v + 17 = 0. Let y be (-10)/(-25) - 34968/(-155). Suppose -q*i = -y + 2. Calculate the remainder when i is divided by 20.
16
Suppose 0 = 3*l - 4*y + 26, l + 2*y = -5 + 3. Let z be ((-8)/l)/((-76)/(-285)). Suppose 12*r - 301 = z*r. Calculate the remainder when r is divided by 16.
11
Suppose 8*d = 9*d - 8. Let i be (1*-1 - (d + -80)) + 3. Let q = -60 + i. Calculate the remainder when q is divided by 13.
1
Let u(p) = -2*p**3 + 9*p**2 + 57*p + 10. Let j(s) be the first derivative of s**3/3 - 11*s**2/2 + 6*s - 8. What is the remainder when u(8) is divided by j(11)?
0
Let w be 4/(-34) + 1 + 420/102. Let h(d) = 26*d - 20. Calculate the remainder when h(w) is divided by 37.
36
Let v = 386 - 169. Let x = -84 + v. Calculate the remainder when x is divided by 8.
5
Suppose -4*i - 96 = -7*i. Let v be (1/(-2))/((-5)/(-200)). Let l = 74 - v. Calculate the remainder when l is divided by i.
30
Let m be (-27932)/(-52) + 2/(-13). Suppose 3*r + 187 = -4*f - 355, 3*f + m = -3*r. What is the remainder when (12 + -5)*r/(-7) is divided by 35?
34
Let n = 689 + -389. Let k = 409 - n. What is the remainder when k is divided by 39?
31
Let q = -147 + 144. Let k be -1 + 64 + (0 - q) + -2. Suppose -k = -3*p + p. Calculate the remainder when p is divided by 11.
10
Let f(r) = 2667*r - 2482. Calculate the remainder when f(1) is divided by 29.
11
Let u = -138 + 140. Calculate the remainder when 53 is divided by (1/u)/(27/540).
3
Let k(x) be the first derivative of x**3/3 + 19*x**2/2 - 53*x - 38. Suppose 0 = -2*s + 66 + 22. What is the remainder when k(-26) is divided by s?
41
Suppose -330*n - 214 - 136 = -344*n. What is the remainder when 1498 is divided by n?
23
Suppose 6*r - 2012 = -14*r - 252. Calculate the remainder when 245 is divided by r.
69
Let h = 2896 + -2873. Calculate the remainder when 2757 is divided by h.
20
Calculate the remainder when 9/5 - 3657618/(-765) is divided by 266.
261
Let v(g) be the third derivative of -g**5/60 - 25*g**4/24 + 38*g**3/3 + 7*g**2 + 5. Calculate the remainder when v(-25) is divided by 27.
22
Suppose -272 = -13*h - 2*h - 2*h. Let o(p) = -46*p - 1. What is the remainder when o(-1) is divided by h?
13
Let o(r) = -r**3 + 6*r**2 + 8*r - 8. Let n be o(7). Let a(u) = -u**2 - 8*u + 28. Calculate the remainder when a(0) is divided by (-16)/(-1)*n/(-2).
4
Let z = -12116 - -31325. Calculate the remainder when z is divided by 170.
169
Suppose 4*k + 8 + 1 = 3*x, 3*x - 12 = 5*k. Calculate the remainder when (k + 1 - -4)*205/5 is divided by 28.
26
Let u = 2817 + -2777. Calculate the remainder when 144 is divided by u.
24
Suppose -199*c + 6909 = -90998 - 30448. What is the remainder when c is divided by 78?
21
Suppose -3*o + 0*o - 5*i = -43, -4*o - 5*i + 49 = 0. Suppose -32 = -o*m + 4. Calculate the remainder when 68 is divided by m.
2
Suppose 7*h + 14*h = 2268. Suppose -2*o + h = 62. What is the remainder when o is divided by 17?
6
Let c(h) = 92*h**2 - h. What is the remainder when c(-3) is divided by 20?
11
Suppose 13*z - 6*t - 18986 = 11*z, 28465 = 3*z + 5*t. What is the remainder when (z/(-30))/(2/(-6)) is divided by 10?
9
Suppose 3*l = 4*d + 14, -9*d + 8*d + 44 = 4*l. Suppose -6*p = 5*u - 3*p - 151, -3*p - 23 = -u. What is the remainder when u is divided by l?
9
Suppose -28160 = 21*i - 34166. Let f(h) = -3*h - 4. Calculate the remainder when i is divided by f(-7).
14
Let x(i) = 13*i**2 - 3*i - 36. Let u be x(6). Let z = -209 + u. Calculate the remainder when z is divided by 71.
63
Suppose 24*r - 32871 - 121521 = 0. What is the remainder when r is divided by 174?
169
Let w be (22/(-11))/((-2)/17). Let c be (-12)/(-66) - 57/11. Let o = w + c. What is the remainder when o is divided by 3?
0
Suppose -658*j + 662*j = -2*y + 446, -4*y = 3*j - 342. Calculate the remainder when 2745 is divided by j.
105
Let m(p) = -7*p**3 - 556*p - 1689. Calculate the remainder when m(-3) is divided by 168.
0
Let n = 6067 + -6033. Calculate the remainder when 1699 is divided by n.
33
Let z(b) = -54*b + 676. What is the remainder when z(6) is divided by ((952/7)/8)/1?
12
Let m be (10/(-6) + 1)*(-3 - 315). Let u = 252 - m. Calculate the remainder when 77 is divided by u.
37
Let c be 5 + (-6)/(-12)*-10. Let g(b) = 2*b**3 - 2*b**2 - 2*b + 1. Let l be g(2). Suppose c = l*p - 770 + 10. What is the remainder when p is divided by 51?
50
Suppose -27 = -5*i + 28. What is the remainder when (-1265)/(-25) - 14/(-10) is divided by i?
8
Let l(o) = -6*o - 6. Suppose -4*v - 28 = -3*c, v = 3*c - 6 - 10. What is the remainder when l(-3) is divided by (26/8 + -2)*c?
2
Suppose -5*p + 48 - 13 = 0. Suppose a - 252 - p = 0. Calculate the remainder when a is divided by 24.
19
Let a = 108 + -65. Let p(l) = l**3 - 8*l + 11. What is the remainder when a is divided by p(3)?
1
Let k(f) = -f**3 + 35*f**2 - 61*f - 30. Let c be k(33). Let v = -109 + c. What is the remainder when 124 is divided by v?
20
Let m be 54/2 - -5 - 5. Suppose -10*r + m*r = 289. Let h(i) = 3*i**2 - 4*i. What is the remainder when h(4) is divided by r?
15
Let i = -5567 - -7718. Calculate the remainder when i is divided by 83.
76
Let a = -10 + 2. Let n = -4 - a. Suppose -d - 2*b + 23 = 0, 5*d + 25 = 4*b + 126. What is the remainder when d is divided by n?
1
Let w(i) = i**3 - 8*i**2 - 8*i - 2. Let q be w(9). Suppose 0 = -q*f - 98 + 3080. Calculate the remainder when 3/(-2)*5/((-45)/f) is divided by 24.
23
Suppose -2*m - 245 = -7*m. Let x = -29744 - -29887. Calculate the remainder when x is divided by m.
45
Suppose 83 = 5*l - 2*b, -19*l + 17*l + 2*b = -32. Calculate the remainder when 43 is divided by l.
9
Let u(w) = -w**3 + 10*w**2 + 36*w - 42. Calculate the remainder when 290 is divided by u(12).
86
Suppose 0 = -8395*k + 8394*k + 80. What is the remainder when 587 is divided by k?
27
Let q(z) = 4*z - 116. Let w be q(29). What is the remainder when (-9 - w) + 6 + 91 is divided by 30?
28
Suppose 6 = z + 2*z. Let c = 12 + z. Suppose -5*s = 5*u - 8*s - 96, 5*u - 144 = -3*s. What is the remainder when u is divided by c?
10
Let t be 18/5*(-3520)/(-24). Suppose -64*o + 56*o + t = 0. Calculate the remainder when o is divided by 4.
2
What is the remainder when 5737 is divided by (-3312)/(-87) + (-98)/1421?
37
Suppose -213*o + 130 = -208*o. Suppose o*m - 257 - 861 = 0. What is the remainder when m is divided by 25?
18
Suppose -g + 5*w = -19, 19*w - 22*w + 35 = g. What is the remainder when 113 is divided by g?
26
Suppose -3*c = -3*h - 5*c + 26, -h + 13 = 5*c. What is the remainder when 35*((-76)/(-7) - h) is divided by 22?
12
Wha